(l). Let x(u) = 3*b(u) + 2*q(u). Calculate x(-2).
0
Let j be (4 + -5)/(1/(-6)). Let t(c) = 2*c**2 - 7*c**2 + c**2 + 3*c**2 - j*c. Calculate t(-3).
9
Let x be (-7 + 9)/((-2)/(-7)). Let i(s) = -7 - s - x + 4. Calculate i(-5).
-5
Let a(b) be the second derivative of -b**5/20 - b**3/6 + 4*b**2 - 2*b. Suppose -27*q = 4*d - 22*q + 20, 0 = -d - 4*q - 16. Determine a(d).
8
Let a(w) = 5*w**3 + w**2 + 2*w - 4 + 0 + 5. Let v be a(-1). Let u(m) = 7*m. Let q(f) = f. Let l(s) = -6*q(s) + u(s). What is l(v)?
-5
Let d(u) = -3 + 2 + 2 + 2*u + 0. What is d(-4)?
-7
Let o(p) = 2*p + 5 - 4*p + 3*p. Suppose -5*t = -2*t - 120. Let l be 12/(-10)*t/12. What is o(l)?
1
Let h(g) = -g**2 + 2. Let z(s) be the third derivative of -s**6/120 - 2*s**5/15 - s**4/3 - 5*s**3/3 - 5*s**2. Let t be z(-7). Give h(t).
-7
Suppose 3*w = -3*l + 2*w + 6, l - 2 = 4*w. Suppose 2 = -3*r + l*r. Let f(p) = 2*p**3 + 4*p**2 + 2*p. Calculate f(r).
-4
Let w = -9 - -14. Let d(m) = -6 + m + 2*m - w*m. Give d(-4).
2
Let j(d) be the second derivative of d**6/120 + d**5/20 - 5*d**4/24 - d**3/3 + 11*d**2/2 + 8*d. Let t(l) be the first derivative of j(l). Determine t(-4).
2
Let p(d) = d**2 - 1 + 2*d + 0*d + 3*d. Let f be p(-5). Let h(r) = -9*r - 1. What is h(f)?
8
Let v(c) be the third derivative of c**4/8 - 3*c**3/2 + 26*c**2. Determine v(7).
12
Let c(j) be the third derivative of j**4/24 + j**3/3 - 16*j**2. Calculate c(6).
8
Let j(s) = -s**2 + 1. Let m be (-1)/5 + 213/15. Let r = 9 - m. Let y(c) = -4*c**2 - 4*c + 10. Let l(g) = r*j(g) + y(g). Determine l(4).
5
Suppose -2*s - 3*s = -4*n - 11, -4*s + 12 = 0. Let h(p) = p**2 + 3 - 2 - 3 + 1 + p. What is h(n)?
1
Let q(t) be the second derivative of t**4/4 - t**3/6 - t**2/2 + 2*t. Suppose 25 = -5*z - 4*a, -3*a = 4*z - 2*z + 17. Determine q(z).
3
Let r(s) = s**3 - 15*s**2 + 14*s + 5. Let f be r(14). Let b(w) = w - 6. Calculate b(f).
-1
Let r(c) = -2*c**2 + 2*c**2 - 2*c**2 + 1 - 6*c**2. Let f(l) = -l**2 + 6*l - 4. Let x be f(5). Give r(x).
-7
Let l(h) = -h**3 + h**2 + h - 16. Let u be l(0). Let g be (-68)/u - 4/16. Let x(z) = -5 - 4*z**2 - 4*z**3 + 5*z + 7*z**2 + 3*z**3. Determine x(g).
-1
Let w(v) = v**2 + v. Let p(m) = m + 6. Let f be p(-9). What is w(f)?
6
Let g(b) be the first derivative of -b**3 + 2*b**2 - 2*b + 3. Let v be g(2). Let j(r) = -r - 1. What is j(v)?
5
Let g(q) be the third derivative of 0*q**5 + 0 + 0*q + 1/24*q**4 + 1/120*q**6 - 2*q**2 + 1/2*q**3. Let y be (-4)/10 + 2/5. Give g(y).
3
Suppose 0 = a - 0*a. Let z(j) be the third derivative of -j**7/840 - j**4/12 + j**3/3 - 2*j**2. Let s(p) be the first derivative of z(p). Calculate s(a).
-2
Let a(c) = c**3 + 3*c**2 - c + 3. Let v be (11/(-3) - -3)/((-4)/(-18)). What is a(v)?
6
Let x(q) = q**3 + 4*q**2 - 2*q - 5. Let a = 91 + -95. Determine x(a).
3
Suppose -q = 2*c - 3*c + 4, 0 = -4*c + 3*q + 15. Let v(t) = 2 - 1 + c*t + t**3 - 2*t - 4*t**2. Calculate v(3).
-5
Let w(f) = -f**2 - 2*f. Let t be ((-27)/6)/((-2)/(-4)). Let m = -11 - t. Calculate w(m).
0
Suppose 0 = -2*t - 2*d - 22, 4*d - 26 = -0*t + 3*t. Let p = -6 - t. Suppose 3*v + p = v. Let l(g) = -g - 1. Determine l(v).
1
Let c(x) = -x**2 + 11*x - 12. Let f be c(9). Let z(q) = f*q**3 - 2*q**2 + q - 2*q**3 + q**2. Let b be z(1). Let o(g) = g**2 - 5*g + 5. What is o(b)?
1
Let j(m) = m. Let z(h) = 5*h**2 + 8*h. Let g(y) = -5*j(y) + z(y). Give g(-2).
14
Let n(q) = -12 - q**2 - 17 + 27. Let k(l) = -l**2 - 2*l - 2. Let h be k(-2). Let o be (-2 - h)*(0 + -1). Calculate n(o).
-2
Let p(r) be the second derivative of -r**3/6 - 3*r**2/2 - 2*r. Determine p(-6).
3
Let x = -3 - 6. Let z be (x/(-27))/(2/(-6)). Let m(d) = 11*d**2 + 2*d + 1. What is m(z)?
10
Let s(m) = -m**3 - 2*m**2 + m - 4. Let o(g) = -3*g. Suppose -2*r - 3*r = -15. Suppose h + r = 4. Let j be o(h). Calculate s(j).
2
Let c(t) = t**2 - t + 1. Suppose 12 = -3*r + 5*o, -3*r = -4*o + 8*o - 15. Determine c(r).
1
Let i(p) be the first derivative of -2*p**2 + p - 3. Let k = 12 - 8. Let a(v) = 5*v - 1. Let g(z) = k*i(z) + 3*a(z). Determine g(-3).
4
Let i(o) = -o**3 + 4*o**2 + 8*o - 6. Let x(q) = 3*q**3 - 11*q**2 - 23*q + 17. Let h(m) = -8*i(m) - 3*x(m). What is h(3)?
-6
Let z(w) = 9*w**2 + 2*w + 1. Let c(t) = 0*t + t**3 + 5 + 0*t**3 - 4 - t - 2*t**2. Let h be c(2). Give z(h).
8
Let w be 1 + -1*(-4 + 2). Let o(h) = 11*h - 29. Let b(v) = 7*v - 19. Let y(j) = -8*b(j) + 5*o(j). Calculate y(w).
4
Let z(t) be the third derivative of -t**6/360 - t**5/30 + 5*t**4/24 - t**3/3 + 2*t**2. Let w(m) be the first derivative of z(m). Determine w(-4).
5
Let r(n) = 2*n**3 + n**2 + 4*n - 2. Let k(w) = -w**3 - w + 1. Let x(s) = s**3 + s**2 - 1. Let b be x(1). Let i(u) = b*r(u) + 3*k(u). What is i(2)?
-1
Let r(u) = -u**2 - 4 - 12*u + 6*u + 5 - 4. Calculate r(-4).
5
Let q(t) be the first derivative of -t**4/4 + 7*t**3/3 - t**2/2 + 8*t + 3. Determine q(7).
1
Let h(y) = y + 2. Suppose 4*w - 9*w - 30 = 0. Determine h(w).
-4
Let q(a) = a - 3. Suppose 19 = 4*i + 5*k, i + 4*k = -1 + 3. Give q(i).
3
Let z be 9/18*(6 - 0). Let g(c) = 4 + c - 2*c - z*c + 3*c. What is g(5)?
-1
Let y(v) = v**3 + 10*v**2 - 10*v + 8. Suppose 28 = 3*q + 61. Determine y(q).
-3
Let o(z) = z**3 - 3*z**2 + 2*z + 2. Let c(r) = 5*r**3 - 14*r**2 + 10*r + 11. Let w(l) = -2*c(l) + 11*o(l). What is w(2)?
-8
Suppose -4*q + 5 = -11. Let a(j) = 2*j**3 - 23*j**2 + 12*j - 10. Let f be a(11). Suppose -21 = q*p - f. Let x(c) = -c**3 - 4*c**2 + 3*c - 7. What is x(p)?
3
Let x(g) = 3*g + 4. Let y(z) = -16*z + 1. Let o be y(-1). Suppose -4*i - 11 = 3*s, -i - o = s + 3*i. Suppose -s*q - 9 = -0*q. What is x(q)?
-5
Let b be (16/3)/8 - 28/(-12). Let m(f) = -4*f**3 - 9*f**2 + 2*f - 8. Let q(h) = -h**3 - h**2 - 1. Let w(g) = -m(g) + 5*q(g). What is w(b)?
6
Let h(i) be the second derivative of 0 - 1/24*i**4 + 1/2*i**3 + 2*i - 1/2*i**2. Let l(t) be the first derivative of h(t). What is l(4)?
-1
Let z(w) = 9 + 1 + 0 - 3*w - 7. Let m(y) = -y**3 + 7*y**2 + y + 1. Let v be m(7). Let i be (1/2)/(2/v). Calculate z(i).
-3
Let b be -3 - 0 - 0 - 1. Let d(w) = -w**2 - 5*w - 4. Let i be d(b). Let y(h) = 0*h + h**2 + i*h - 5. What is y(0)?
-5
Let f(g) = 3*g**2 + 1 - 5*g**3 + 2 + 4*g**3. Determine f(3).
3
Let m(v) be the second derivative of v**3/6 - 2*v**2 + v. Let n be (0/(-9))/((-1)/(-1)). Give m(n).
-4
Suppose -3*i + 4 = -t, -4*i + 9*i - 20 = 5*t. Let r(n) be the first derivative of 1/3*n**3 + 4*n + 4 + 1/2*n**2. Calculate r(i).
4
Let r(j) = 3*j**3 - j**2 + 11*j + 24. Let q(u) = -u**3 - 4*u - 8. Let p(x) = 17*q(x) + 6*r(x). What is p(6)?
-4
Suppose 6 = 4*j - 2. Let b be -4 + 1 - 18/(-3). Let p(o) = 2*o**3 - o - b*o**3 + 1 - 3*o**2 + 5*o**2. What is p(j)?
-1
Let s(k) be the third derivative of -k**7/2520 - k**6/120 - k**5/60 + k**4/12 + 2*k**2. Let l(v) be the second derivative of s(v). Give l(-5).
3
Let k(x) be the first derivative of -x**2/2 + 53. Give k(-4).
4
Let p be (-4)/(-10) - (-44)/(-10). Let k(v) be the third derivative of -v**4/24 + v**3/6 - 11*v**2. Calculate k(p).
5
Suppose 0*d - 4*d = 20. Let u(m) = m**2 + m. Let h(j) = 4*j**2 + 7*j + 1. Let n(x) = -h(x) + 3*u(x). Determine n(d).
-6
Suppose w + 40 = 6*w. Suppose 0 = -5*s - 0*s - z - w, -5*s - 14 = 3*z. Let i(l) = -4*l**2 + l + 1. Give i(s).
-4
Let l(v) be the first derivative of -v**3/3 - 6*v**2 - 6*v - 23. Determine l(-12).
-6
Let o(h) be the first derivative of -h**4/4 - 4*h**3/3 + h**2 + 2*h - 3. Let r(j) = -j**2 + j - 8. Let k be r(0). Let s be 3/(14/k + 1). Calculate o(s).
-6
Let c(i) = i**3 - 11*i**2 + 10*i + 5. Let z be (3/(-2) - 1)*-4. Give c(z).
5
Let v(l) = l**2 + 4*l - 3. Let x be 4/18 - 440/36. Let s = 36 + x. Suppose 3*m + 0*m - 4*i = -s, -5*m - 4*i = 8. What is v(m)?
-3
Let r(u) be the first derivative of u**4/4 + 7*u**3/3 + 7*u**2/2 + 2*u + 5. What is r(-6)?
-4
Let t(m) = 13*m**2 - 16*m - 9. Let n(c) = -3*c**2 + 4*c + 2. Let j(u) = 9*n(u) + 2*t(u). Give j(5).
-5
Let w(x) = 9*x**2 + 2*x + 7*x**2 - 4*x**2 + 2*x**2 - 1. What is w(1)?
15
Let u(g) = 4*g. Let n(j) = 3*j. Let m(t) = -3*n(t) + 2*u(t). Give m(-5).
5
Let j = 31 - 18. Suppose l - 3*v - 5 = -6*v, -5*l - 3*v + j = 0. Suppose -3*m - l*m = 20. Let n(k) = -k**2 - 3*k - 2. Give n(m).
-6
Let i(q) = q**2 + 5*q + 3. Let j be i(-5). Let k = 3 + -1. Let o(x) = k*x**2 - 4 - x**3 - 6*x**2 + 2*x**3 + 5*x. What is o(j)?
2
Let f(v) = v**2 - 9*v + 2. Let u be f(9). 